 is 21134 - 11?
21123
In base 14, what is -1 - -26?
25
In base 10, what is 11 - 18?
-7
In base 8, what is -5 - 130?
-135
In base 6, what is 4 + -1242?
-1234
In base 7, what is 0 - -33?
33
In base 7, what is -102 + -4?
-106
In base 12, what is 2 + -50?
-4a
In base 3, what is 11100 + 1?
11101
In base 3, what is 10211200 + -12?
10211111
In base 16, what is -3 - 98?
-9b
In base 15, what is -66 - 5?
-6b
In base 16, what is e5 - a?
db
In base 10, what is 168 + 0?
168
In base 16, what is -8 + -1d?
-25
In base 2, what is 10 - -1100101101?
1100101111
In base 5, what is -4 - 143?
-202
In base 7, what is 103 + 2?
105
In base 5, what is 1 - -23220?
23221
In base 7, what is 213 - -2?
215
In base 4, what is 11 + -12?
-1
In base 5, what is -144 + -1?
-200
In base 10, what is 9021 + -1?
9020
In base 3, what is 1 + 10001111?
10001112
In base 5, what is 4 - 220?
-211
In base 11, what is 21 - 17?
5
In base 9, what is 26 - -25?
52
In base 7, what is 150 + -21?
126
In base 13, what is c - 8?
4
In base 5, what is -2 - 14?
-21
In base 4, what is -1 + 1100?
1033
In base 8, what is 52 - 1?
51
In base 2, what is 100 + -1011111?
-1011011
In base 7, what is 33401 + 4?
33405
In base 13, what is 1 + 30?
31
In base 6, what is 23 + -3?
20
In base 6, what is -132 + -201?
-333
In base 16, what is 3d - -82?
bf
In base 8, what is -546 - 4?
-552
In base 13, what is -c + -22?
-31
In base 15, what is 4 + -7?
-3
In base 9, what is 1 + -1433?
-1432
In base 2, what is -11111100 - -10111?
-11100101
In base 8, what is -1 + 55?
54
In base 12, what is -66 - 6?
-70
In base 15, what is 3 - d2?
-ce
In base 5, what is 10 + -12230?
-12220
In base 14, what is 4a + -20?
2a
In base 8, what is -1443 - 30?
-1473
In base 10, what is -174 - 3?
-177
In base 10, what is -52 - -353?
301
In base 5, what is 3430 + 3?
3433
In base 2, what is -111 - -101101101?
101100110
In base 10, what is -275 - -3?
-272
In base 14, what is 1 - 127?
-126
In base 3, what is -1 - -201?
200
In base 12, what is 6 - 13?
-9
In base 4, what is -1 - 233?
-300
In base 9, what is -7237 + -2?
-7240
In base 9, what is 867 - -2?
870
In base 2, what is -1 + -10111?
-11000
In base 4, what is 11121 - -10?
11131
In base 13, what is 52 - 159?
-107
In base 6, what is 5 + 535?
544
In base 6, what is 1 - 135?
-134
In base 8, what is 2 - -605?
607
In base 16, what is -24 - 4?
-28
In base 12, what is -4 - 56?
-5a
In base 12, what is -5 + 106?
101
In base 14, what is -25 - -50?
29
In base 4, what is 122 + -3?
113
In base 3, what is 2201212 - 12?
2201200
In base 11, what is -3 + 131?
129
In base 3, what is 1011010020 + 10?
1011010100
In base 6, what is 12 - -15?
31
In base 16, what is 90 - -2?
92
In base 9, what is 3 + -207?
-204
In base 10, what is 2 + -1220?
-1218
In base 6, what is -12 - 1435?
-1451
In base 6, what is -2 + -402?
-404
In base 15, what is c + a1?
ad
In base 9, what is 1445 + 5?
1451
In base 4, what is -1311 - -203?
-1102
In base 2, what is 11 + 100010?
100101
In base 12, what is 4 - a?
-6
In base 16, what is 4 + -78?
-74
In base 12, what is -70 - 5?
-75
In base 8, what is -1610 + -3?
-1613
In base 7, what is -3 - -110?
104
In base 7, what is -65 + 25?
-40
In base 7, what is -555 + -5?
-563
In base 12, what is 0 + 5?
5
In base 2, what is -10 + 100001?
11111
In base 13, what is -3 + 1b?
18
In base 3, what is 1112110 + 1?
1112111
In base 13, what is -3c + 11?
-2b
In base 13, what is -5 + -253?
-258
In base 4, what is 1 - -122101?
122102
In base 3, what is 2021 + -2?
2012
In base 16, what is 1e9 - 3?
1e6
In base 7, what is -64 - -5?
-56
In base 7, what is 416 + 1?
420
In base 12, what is 2 + 23?
25
In base 7, what is 5 + 3014?
3022
In base 6, what is -130 + -1?
-131
In base 15, what is a - 137?
-12c
In base 12, what is -193 - 1?
-194
In base 15, what is -40 - -12?
-2d
In base 13, what is 2 + -59?
-57
In base 4, what is 2 + 33?
101
In base 5, what is 2 + -110?
-103
In base 11, what is 6 + -5?
1
In base 2, what is 101011 - 101000?
11
In base 16, what is 50f - 3?
50c
In base 2, what is -100 - 101100101?
-101101001
In base 5, what is 0 + 341?
341
In base 11, what is 3759 - 2?
3757
In base 9, what is -33271 - -5?
-33265
In base 15, what is -76 - 19?
-90
In base 11, what is 12a + 5?
134
In base 10, what is -3 + -35?
-38
In base 16, what is -84 + -2?
-86
In base 11, what is 16 - -5?
20
In base 13, what is 66 - 21?
45
In base 7, what is -326 - 14?
-343
In base 6, what is 1314 + 1?
1315
In base 12, what is -10 + -206?
-216
In base 6, what is 14540 - 2?
14534
In base 13, what is 11 + -9a8?
-997
In base 10, what is -3 - -47?
44
In base 11, what is 117 + 0?
117
In base 11, what is 21 - 14?
8
In base 10, what is 32 - -36?
68
In base 5, what is 2 + 110?
112
In base 11, what is 653a - -3?
6542
In base 6, what is 13 - 33?
-20
In base 5, what is 122324 + -10?
122314
In base 7, what is 2331 + -2?
2326
In base 2, what is 100101110 + 0?
100101110
In base 13, what is 284 - 7?
27a
In base 9, what is 561 + 3?
564
In base 15, what is -5ae - 3?
-5b2
In base 6, what is 4 - -134?
142
In base 9, what is -12611 + -4?
-12615
In base 7, what is -15 + 1?
-14
In base 9, what is 1 - 141?
-140
In base 14, what is 63 + -5?
5c
In base 7, what is 15666 - 4?
15662
In base 16, what is c4 - 3?
c1
In base 8, what is 224 + -5?
217
In base 12, what is -22 + -23?
-45
In base 9, what is 151 - 80?
61
In base 6, what is 24531 - -3?
24534
In base 6, what is 5 - -42?
51
In base 15, what is -38b + 11?
-37a
In base 6, what is 15 - 12?
3
In base 4, what is 0 - -1313?
1313
In base 9, what is 1 + -100?
-88
In base 2, what is -10111 + -1?
-11000
In base 2, what is 11 + -1110?
-1011
In base 3, what is 10 + 11011?
11021
In base 5, what is 3 - -14031?
14034
In base 13, what is 10 - 4?
9
In base 3, what is 2100202 + -1?
2100201
In base 8, what is -6754 - -6?
-6746
In base 2, what is 10 + -10010000?
-10001110
In base 15, what is 75 + -1?
74
In base 15, what is 101 + -5?
eb
In base 16, what is -1 - -2b?
2a
In base 11, what is 5 - 1?
4
In base 14, what is 2d6 - 1?
2d5
In base 16, what is 61 - -8?
69
In base 14, what is -7a2 + -2?
-7a4
In base 6, what is -2 + -3412?
-3414
In base 13, what is 2 + 7?
9
In base 8, what is -11 + -4?
-15
In base 2, what is 101001 + 11000?
1000001
In base 4, what is 121 + -322?
-201
In base 6, what is -34 - -1?
-33
In base 2, what is -10 + 1110011100?
1110011010
In base 8, what is 161 - 3?
156
In base 3, what is 2 - 112102?
-112100
In base 6, what is -1355 + 4?
-1351
In base 7, what is 4 - 2025?
-2021
In base 8, what is -121 + 2?
-117
In base 14, what is 5 - 56?
-51
In base 8, what is -3 + 24?
21
In base 15, what is 0 - 14e5?
-14e5
In base 8, what is 1 + -100?
-77
In base 5, what is -1320 - 3?
-1323
In base 9, what is 21 + 322?
343
In base 14, what is 4 - 99?
-95
In base 4, what is 0 + 133?
133
In base 15, what is 5 + 92b?
931
In base 12, what is -3 + -28?
-2b
In base 10, what is 4 - -132?
136
In base 4, what is 22 + -1121?
-1033
In base 4, what is -32 - -123?
31
In base 6, what is -4 + -145?
-153
In base 8, what is 4 - 2571?
-2565
In base 2, what is 0 - -100011?
100011
In base 2, what is -101 - 1111010?
-1111111
In base 9, what is 5 - -4?
10
In base 16, what is 29 + -d?
1c
In base 3, what is 110 - 1110?
-1000
In base 2, what is 11 + -1111100100?
-1111100001
In base 8, what is -17 - -3?
-14
In base 13, what is 92 - 6a?
25
In base 16, what is 5 + -e6?
-e1
In base 2, what is 11 + 1010?
1101
In base 6, what is -11 + -423?
-434
In base 12, what is 0 + -359?
-359
In base 12, what is -1 + -37?
-38
In base 12, what is 8 + -4ab?
-4a3
In base 10, what is 72 - 30?
42
In base 6, what is 0 + -115?
-115
In base 14, what is 12 + -7?
9
In base 15, what is 1ac - -6?
1b3
In base 7, what is -60 + 13?
-44
In base 11, what is -44 + 281?
238
In base 12, what is -4 - -135?
131
In base 13, what is -c12 - -1?
-c11
In base 13, what is -1 + 58?
57
In base 12, what is 1 - 11b?
-11a
In base 8, what is 43 - -2?
45
In base 13, what is b + -6?
5
In base 11, what is -12 + 8?
-5
In base 9, what is 40 - -33?
73
In base 7, what is -2031 + 0?
-2031
In base 2, what is 100 + -11000011000?
-11000010100
In base 9, what is 5 + -214?
-208
In base 11, what is -13 - 4?
-17
In base 6, what is 53 - -22?
115
In base 10, what is 10840 - 4?
10836
In base 7, what is -5 - -415?
410
In base 10, what is -131 + 14?
